 0, 305 = 5*p + h*z. What is the tens digit of p?
5
Let s(t) = -44*t - 40*t + 1 - 5 + 245*t. What is the units digit of s(1)?
7
Let z(l) = -23*l + 1. Let m(i) = 46*i - 4. Let w(n) = -3*m(n) - 7*z(n). Suppose 7 = 2*s + 3. What is the units digit of w(s)?
1
Let m be 1 + (1 - 2) + 13. Let w(v) = 4*v**2 - 6*v. Let x(k) = -11*k**2 + 6*k + 30. Let u(j) = 3*w(j) + x(j). What is the units digit of u(m)?
3
Suppose -4*f = -12*f + 16. Suppose f*k = 3*k - 5*o - 11, 5*k - 4*o - 97 = 0. What is the hundreds digit of (-616)/(-42)*k/2?
1
Let s = 56 + -33. Let b(h) = -s + 46 + 15*h - 32. What is the tens digit of b(7)?
9
Suppose 0 = -3*c - c - 344. Suppose 32*v = 5042 - 402. Let a = c + v. What is the tens digit of a?
5
Let v be (-4)/(-12)*6*12. Let h = -29 + v. What is the units digit of (-83)/(h + 8/2)?
3
Let u(m) = -m**3 + 2*m**2 + 4*m + 4. Suppose 4*n = -4*g - 4, 2*n = 4*g - 3*n + 40. What is the units digit of u(g)?
9
Let d(l) = 17*l**2 + l - 26. Suppose 5*f - 5 = p + 5, -2*f - 3 = p. What is the units digit of d(p)?
4
Suppose 0 = 97*z - 1282997 - 48907 - 1207750. What is the hundreds digit of z?
1
Let o = 90 - -314. What is the units digit of (-3558)/(-8) + 101/o?
5
Let w be (5454/(-1))/(-6) - (-3 - -6). Let g = -434 + w. What is the tens digit of g?
7
Let q(x) be the second derivative of x**4/12 - x**3/3 + x**2/2 + 30*x. Let c be q(4). Suppose 0 = -5*v + c*v - 712. What is the tens digit of v?
7
Let h(o) = -o**3 + 6*o**2 + 2*o - 15. Let g(c) = -c**3 + c**2 - 3*c + 1. Let b(i) = -g(i) - h(i). What is the hundreds digit of b(9)?
9
Let y = -10 + 15. Let k = 48 - y. Let b = -27 + k. What is the units digit of b?
6
Suppose 114 = 4*k - 82. Let x(v) = -k - 26*v + 16*v - 45*v. What is the units digit of x(-5)?
6
Suppose 47*p - 13048 = -6572 + 97018. What is the units digit of p?
2
Let r(l) = 6*l**2 - 150*l - 115. What is the ten thousands digit of r(-44)?
1
Suppose 4*r - 507*x + 505*x - 206138 = 0, 3*x - 51524 = -r. What is the ten thousands digit of r?
5
Let n(p) = -p**2 + 89*p - 1286. What is the tens digit of n(64)?
1
Suppose c + 20 = -10. Let s = c - -35. Suppose 3*d + 9 = 0, 3*d - 60 = -2*b + s*d. What is the tens digit of b?
2
Let s(q) = 34*q + 1. Let h be s(-2). Let m = 1484 + -1379. Let t = m + h. What is the units digit of t?
8
Suppose -7*y + 558 = -y. Suppose -2*j = n + j + 11, 3*j + 19 = -2*n. Let z = y + n. What is the tens digit of z?
8
Let v(m) = 8*m**2 + 57*m + 191. What is the tens digit of v(37)?
5
Let p(r) be the first derivative of -2*r**3/3 - 3*r**2 + 2*r - 37. Let q be p(-3). Suppose -90 = -k - q*f + 5*f, 4*f = -5*k + 526. What is the units digit of k?
2
Let f be -4*(15/(-6))/5. Suppose 4*m - 8 - 12 = 4*u, 0 = m - 2*u - 8. Suppose -f*n + 86 = -m*g, -n + g - 141 = -4*n. What is the units digit of n?
6
Let w(i) be the third derivative of i**5/60 - 7*i**4/12 - i**3/6 + 4*i**2. Let x(k) = -4*k**2 + 3*k + 4. Let q be x(2). What is the tens digit of w(q)?
1
Let d(b) = -123*b - 23. Let p be d(-7). Let o = -396 + p. What is the units digit of o?
2
Let z = 1387 + -650. What is the hundreds digit of z?
7
Let l = -489 + 514. Suppose b - o = -4*o + 1157, 5*o + l = 0. What is the tens digit of b?
7
Let c(t) = -7*t**3 + 4*t**2 - 4*t - 4. Let x be c(-4). Suppose x = 5*v - 96. What is the tens digit of v?
2
Let w = -15 + 18. Let h be 3 - 3/w - -2. Suppose 5*m + 5 - 99 = -h*d, 0 = 5*m - 3*d - 87. What is the tens digit of m?
1
Let w = 18 - 41. Let s = 25 + w. Suppose 8 = s*o, 6*d - 5*o - 280 = d. What is the units digit of d?
0
Let y(d) = 14*d**2 + 32*d - 356. What is the units digit of y(13)?
6
Let k = -1456 + 1554. What is the tens digit of k?
9
Let l(p) = -8*p - 19. Let n be 48/32 + 3/(-2). Suppose -r = 3*w + 21, -3*w - 2*r = -n*w + 18. What is the tens digit of l(w)?
4
Let i(j) = 5*j**3 - 2*j**2 + 2*j - 1. Let l be i(1). Suppose -l*b + 2*h = -34, -2*b + 2*h + 16 = -0. What is the units digit of b?
9
What is the hundreds digit of 10 - (7 - 23517) - (-5 - 4)?
5
Let t(p) = 2617*p**2 + 109*p + 14. What is the hundreds digit of t(4)?
3
Let p(r) = -r. Let z(c) = c**3 - 6*c**2 + 16*c - 6. Let g(a) = -a - 5. Let d be g(-6). Let y(m) = d*z(m) + 5*p(m). What is the units digit of y(4)?
6
Let f(y) = -334*y**3 + 11*y**2 - 8*y - 7. What is the tens digit of f(-2)?
2
Let l(q) = -32 + 14 + 7 + 7 - 22*q. Let a be l(1). What is the tens digit of ((-754)/a)/(2*(-1)/(-2))?
2
Let j(c) = 8*c**2 + 10*c + 7. Let q be j(5). Let d = q - 151. What is the tens digit of d?
0
Let q = -872 + 1839. Suppose -1720 = -p - q. What is the hundreds digit of p?
7
Suppose -11*z = -19*z. Suppose z = -5*i + 5*m + 5680, -i + 1124 = -14*m + 9*m. What is the units digit of i?
9
Suppose -141*g + 138*g - 50005 = -2*w, -4*w + 100031 = -3*g. What is the ten thousands digit of w?
2
Let z(j) = 16*j + 9. Let u be z(-16). Let f = u - -500. What is the units digit of f?
3
Suppose 22 = -q + 706. Let w = -263 + q. What is the hundreds digit of w?
4
Let f(o) = -2003*o**3 - 6*o**2 - 15*o - 19. What is the thousands digit of f(-3)?
4
Suppose 91 = 2*z - 1833. Let w be (-63)/(-13) - (4 - 378/91). Suppose -w*s + 33 = -z. What is the hundreds digit of s?
1
Suppose 6*p - h + 1017 = 2*p, -h + 258 = -p. Let g = 41 - p. What is the tens digit of g?
9
Let b(j) = 2*j**2 - 1. Let t(y) = 13*y**2 + 6*y - 5. Let u(m) = -6*b(m) + t(m). Let a be 2*((-11)/2)/1. What is the tens digit of u(a)?
5
Let q(r) = 24*r**3 - 2*r**2 + 1. Let h be q(-1). Let p be (-408)/15 + 20/(-25). Let y = h - p. What is the units digit of y?
3
Suppose -156 + 2 = -7*r. Suppose -4*j - 102 = r. Let y = -1 - j. What is the tens digit of y?
3
Let c = 379 + -135. Suppose 0*r = 3*d - 4*r - 1, 3*d + 1 = 5*r. Suppose -c = d*v - 7*v + 5*j, 4*j = -3*v + 183. What is the units digit of v?
1
Let r(t) = -141*t + 260. Let m be r(14). Let y = -864 - m. What is the hundreds digit of y?
8
Let d(s) = 39*s**2 - 231*s + 8470. What is the units digit of d(31)?
8
Let z be 50/12 - (-3)/(-18). Let k be (-2 - -98)*3/(18/z). Let h = -11 + k. What is the units digit of h?
3
What is the ten thousands digit of ((-4 - (-8 + 5)) + 16)/(6/26798)?
6
Let a be 4*(-3)/6*(-287)/(-7). Let c = 72 + a. What is the tens digit of c/35 - (-760)/14?
5
What is the hundreds digit of 9960 - (-7 - (-8)/(-14)*(-3 + -4))?
9
Let x(f) = 2570*f**2 - 48*f - 6. What is the thousands digit of x(-2)?
0
Suppose 5*r = 2*r + s + 131, -2*s + 233 = 5*r. Let a = 184 - r. What is the hundreds digit of a?
1
Suppose 0 = 21*b + 46355 - 550544. What is the thousands digit of b?
4
Let q = 12033 - 9769. What is the tens digit of q?
6
What is the ten thousands digit of ((-102)/12 + 5)/(12/(-52104))?
1
Let x be (-240)/(-9)*(-30)/(-25). Let z be (-16)/x*4/(-1). Suppose 5*i - 5*t - 59 = z*i, t + 4 = 0. What is the units digit of i?
3
Suppose 17*p = -144*p + 50393. What is the tens digit of p?
1
Suppose 13*t = 12*t + 76. Let u = t + -107. Let b = u + 110. What is the units digit of b?
9
Let t(q) = -2*q**2 + 29*q - 9. Let c be t(13). Let x be (160/c)/(4/6) - 3. Suppose 78 - 26 = r - j, 4*r + x*j - 181 = 0. What is the units digit of r?
9
Let h(v) = 2*v**2 - 54*v + 88. Let i be h(31). Let n = i + 178. What is the tens digit of n?
1
Let k = -295 - -584. Let v = -170 + 8. Let i = v + k. What is the units digit of i?
7
Let z(l) = 30*l**2 + 5*l + 11. Suppose 22*t - 91 = -25. What is the hundreds digit of z(t)?
2
Let k = -54 - -15. Let a = k - 530. What is the units digit of a/(-3) - (-8)/24?
0
Let a(j) = -241*j**3 + 98*j**2 - 5*j + 10. What is the units digit of a(-4)?
2
Let r = 9 + -6. Let s(n) = -4*n + n**2 + 21*n**3 - 58*n**r + 4 + 26*n**3 + 17*n**3. What is the hundreds digit of s(3)?
1
Let j = -167 - -173. What is the units digit of 1709/j + -2 + 39/18?
5
Let g = -1 + 5. Let p be 1*(56 - 0)/g. Suppose 2340 = -t + p*t. What is the hundreds digit of t?
1
Let a = 13236 + 19433. What is the thousands digit of a?
2
Suppose -5*k = 70*y - 69*y - 2509, y + 2*k - 2524 = 0. Let j = -698 + y. What is the tens digit of j?
3
Suppose -78 = -3*z + 3*i, -2*z + 3*i = 3*z - 128. Suppose 5*g = -z, 1631 = -4*v + 7*v + 5*g. What is the tens digit of v?
5
Let k(c) = 160*c - 9. Let b be ((-64)/(-128))/(-1*1/(-4)). What is the tens digit of k(b)?
1
Let p = 6 + 364. Suppose -l = -5*a - 5*l + p, 0 = a + 5*l - 74. What is the units digit of a?
4
Le